{"id":51,"date":"2018-03-28T14:51:04","date_gmt":"2018-03-28T17:51:04","guid":{"rendered":"https:\/\/www.grupotiradentes.com\/international\/?page_id=51"},"modified":"2018-08-13T16:59:26","modified_gmt":"2018-08-13T19:59:26","slug":"graduacao","status":"publish","type":"page","link":"https:\/\/www.grupotiradentes.com\/international\/graduacao\/","title":{"rendered":"Gradua\u00e7\u00e3o"},"content":{"rendered":"<h2>Por que ter uma viv\u00eancia internacional?<\/h2>\n<p>Ampliar as habilidades profissionais, conhecer novas realidades e adquirir conhecimento cient\u00edfico e cultural s\u00e3o os fatores que fazem da experi\u00eancia de estudar fora do pa\u00eds uma viv\u00eancia \u00fanica que ultrapassa os ensinamentos acad\u00eamicos para o alcance da inser\u00e7\u00e3o no mercado de trabalho. Isso porque o respeito a outras manifesta\u00e7\u00f5es culturais, bem como a capacidade de lidar com as mudan\u00e7as, por exemplo, s\u00e3o caracter\u00edsticas desenvolvidas ou aperfei\u00e7oadas que garantem o crescimento pessoal, tornando o estudante Tiradentes Internacional a acumular valores humanos e experi\u00eancias que influenciar\u00e3o positivamente o cotidiano, seja nas rela\u00e7\u00f5es profissionais ou pessoais. Voc\u00ea j\u00e1 imaginou poder conhecer pessoas de outros costumes, idioma e ainda ter acesso a aspectos da vida acad\u00eamica de outro pa\u00eds?<\/p>\n<p>A enriquecedora experi\u00eancia internacional permite ao estudante Tiradentes Internacional aprofundar o conhecimento em tecnologia, pesquisas, inova\u00e7\u00e3o, estudo comparado e conex\u00f5es globais que, ao final do curso, ser\u00e3o fatores determinantes e influenciadores na conquista do sucesso na \u00e1rea de atua\u00e7\u00e3o profissional. Manter-se atualizado com a din\u00e2mica do mundo globalizado, alcan\u00e7ando o conhecimento para al\u00e9m da sala de aula do pa\u00eds de origem \u00e9, sem d\u00favida, uma caracter\u00edstica daqueles que almejam a pluralidade do ensino e a diversidade do saber.<\/p>\n<p>Para tanto, o respeito \u00e0s diferen\u00e7as, vontade de aprender e o foco na explora\u00e7\u00e3o de tudo aquilo que a experi\u00eancia acad\u00eamica internacional pode proporcionar s\u00e3o verdadeiras molas propulsoras para a concretiza\u00e7\u00e3o dessa aventura ao conhecimento. E as Institui\u00e7\u00f5es de Ensino Superior (IES) do Grupo Tiradentes d\u00e3o ainda mais for\u00e7a ao ofertar oportunidades \u00fanicas de educa\u00e7\u00e3o em universidades conveniadas, cujos conceitos reverberam por todo mundo, a exemplo da University of Massachusetts Boston, nos Estados Unidos, a Universidad de Sevilla, na Espanha, a Universidade do Porto, em Portugal, e a Universidad de Guadalajara, no M\u00e9xico, a entre outras que podem ser a sua escolha.<\/p>\n<p>Diante disso, o Grupo Tiradentes refor\u00e7a o comprometimento em oferecer uma educa\u00e7\u00e3o superior de qualidade e excel\u00eancia, ofertando a oportunidade de passar uma temporada em pa\u00edses do continente Americano, Europeu e Asi\u00e1tico, com o objetivo de tornar cada participante ainda mais sintonizado com a pr\u00e1tica acad\u00eamica na atualidade, tendo em visita o processo de globaliza\u00e7\u00e3o.<\/p>\n<p>Est\u00e1 curioso em saber como funciona, qual pa\u00eds escolher, conhecer os programas ofertados e definir aquele que atende ao seu perfil? Ent\u00e3o, acesse conte\u00fado dedicado aos estudantes Tiradentes, colaboradores e egressos, e garanta o seu \u2018passaporte\u2019 para conhecimento internacional.<\/p>\n<h2>Para onde ir?<\/h2>\n<p>Atenta \u00e0 multidisciplinariedade do ensino, qualidade e converg\u00eancia de compromissos educacionais, a Coordena\u00e7\u00e3o de Rela\u00e7\u00f5es Internacionais do Grupo Tiradentes possui conv\u00eanios com dezenas de Institui\u00e7\u00f5es de Ensino Superior (IES) no exterior, possibilitando ao estudante escolher aquela que melhor atenda aos interesses acad\u00eamicos e profissionais, conforme o desejo de desbravar novos mundos e perfil.<\/p>\n<p>As parcerias disponibilizadas t\u00eam como destinos pa\u00edses como Espanha e Portugal, na Europa; M\u00e9xico, na Am\u00e9rica do Norte; Argentina, na Am\u00e9rica do Sul; bem como a Coreia do Sul, na \u00c1sia Oriental. Ficou curioso em obter detalhes sobre as institui\u00e7\u00f5es? Ent\u00e3o, acesse <a href=\"https:\/\/www.grupotiradentes.com\/international\/parcerias\/\">Parcerias<\/a> e confira as informa\u00e7\u00f5es completas.<\/p>\n<h2>ProMAI<\/h2>\n<p>O Programa de Mobilidade Acad\u00eamica Internacional (ProMAI), gerido pela Coordena\u00e7\u00e3o de Rela\u00e7\u00f5es Internacionais do Grupo Tiradentes, \u00e9 oferecido aos estudantes regularmente matriculados nos cursos de Gradua\u00e7\u00e3o Universidade Tiradentes (Aracaju\/Sergipe), do Centro Universit\u00e1rio Tiradentes (Macei\u00f3\/Alagoas) e da Faculdade Integrada de Pernambuco (Recife\/ Pernambuco), com o objetivo de promover o aprendizado acad\u00eamico a partir da viv\u00eancia de experi\u00eancias em institui\u00e7\u00f5es de ensino de outros pa\u00edses. Para al\u00e9m do ensino educacional na sala de aula, o aluno participante adquire conhecimento de culturas, realidades de mercado de trabalho, numa verdadeira integra\u00e7\u00e3o aos diversos contextos e cen\u00e1rios internacionais, desenvolvendo compet\u00eancias e habilidades pertinentes a cada \u00e1rea de forma\u00e7\u00e3o no exerc\u00edcio pleno do protagonismo estudantil global.<\/p>\n<p>Os interessados em participar da experi\u00eancia de ensino compartilhado entre as unidades conveniadas precisam se candidatar a uma das vagas disponibilizadas pelas institui\u00e7\u00f5es parceiras semestralmente atrav\u00e9s de editais e que podem ser acompanhadas <a href=\"https:\/\/www.grupotiradentes.com\/international\/novidades\/\">aqui<\/a> . Al\u00e9m disso, \u00e9 tamb\u00e9m necess\u00e1rio:<\/p>\n<ul>\n<li>Ser maior de 18 anos, residente e domiciliado no Brasil;<\/li>\n<li>Estar regularmente matriculado em uma das tr\u00eas Institui\u00e7\u00f5es de Ensino Superior (IES) do Grupo Tiradentes;<\/li>\n<li>Estar com integraliza\u00e7\u00e3o maior do que 20% e menor do que 80%;<\/li>\n<li>Apresentar bom rendimento acad\u00eamico, com m\u00e9dia geral ponderada (MGP) igual ou superior \u00e0 m\u00e9dia dos alunos do mesmo curso e per\u00edodo equivalente ao qual est\u00e1 matriculado (esta informa\u00e7\u00e3o \u00e9 colocada nos editais). Caso a m\u00e9dia geral ponderada do semestre do curso ao qual o estudante esteja matriculado seja menor do que 7,00 (sete), o crit\u00e9rio de elegibilidade ser\u00e1 a nota 7,00 (sete);<\/li>\n<li>Preencher ficha de inscri\u00e7\u00e3o;<\/li>\n<li>Apresentar documentos de identifica\u00e7\u00e3o (passaporte e RG);<\/li>\n<li>Apresentar Declara\u00e7\u00e3o de D\u00e9bito, retirada gratuitamente do Magister;<\/li>\n<li>Cartas de motiva\u00e7\u00e3o e recomenda\u00e7\u00e3o;<\/li>\n<li>Comprovar (dom\u00ednio de) idioma espec\u00edfico de interesse, segundo as regras das institui\u00e7\u00f5es e pa\u00eds destino;<\/li>\n<li>Certificados de engajamento acad\u00eamico.<\/li>\n<\/ul>\n<p>As sele\u00e7\u00f5es, que acontecem geralmente entre os meses de mar\u00e7o e abril, no primeiro semestre, e de agosto a setembro, no segundo semestre, tem car\u00e1ter eliminat\u00f3rio e classificat\u00f3rio, e considera diversos aspectos acad\u00eamicos da vida escolar do estudante durante o processo seletivo, sendo utilizados quatro crit\u00e9rios, quais sejam: M\u00e9dia Geral Uniformizada; total de cr\u00e9ditos cursados; t\u00edtulos e certificados e o trabalho volunt\u00e1rio de car\u00e1ter social, sendo aplicado o peso 4, 2, 2 e 2, respectivamente.<\/p>\n<p>Para cada um dos crit\u00e9rios mencionados \u00e9 atribu\u00edda uma nota na escala de 0 a 10, sobre a qual \u00e9 aplicado cada peso correspondente. Com isso, o objetivo do processo seletivo \u00e9 apresentar um c\u00e1lculo justo, s\u00e9rio e transparente, possibilitando ao candidato o melhor aproveitamento de conhecimento, habilidades e compet\u00eancias.<\/p>\n<p>Aos alunos aprovados e selecionados nos editais ser\u00e1 garantida a isen\u00e7\u00e3o das taxas de mensalidades na Institui\u00e7\u00e3o de Ensino Superior de destino. Para tanto, \u00e9 preciso que o estudante esteja matriculado na Institui\u00e7\u00e3o de Ensino Superior de origem, com o pagamento regularizado da mensalidade na integralidade dos cr\u00e9ditos do semestre tal como consta na matriz curricular.<\/p>\n<p>Al\u00e9m disso, as disciplinas cursadas no exterior ter\u00e3o as respectivas equival\u00eancias feitas de maneira gratuita quando couber e houver paridade com disciplinas do curr\u00edculo ao qual o estudante est\u00e1 matriculado na IES de origem. Tudo isso j\u00e1 definido antes da partida do estudante. Caso o aluno perca o v\u00ednculo com Institui\u00e7\u00e3o de Ensino Superior de origem, o benef\u00edcio de estudante em mobilidade ser\u00e1 encerrado, ficando a cargo da Coordena\u00e7\u00e3o de Rela\u00e7\u00f5es Internacionais a comunica\u00e7\u00e3o com a IES estrangeira para que a ProMAI seja finalizada imediatamente.<\/p>\n<h2>Como funciona<\/h2>\n<p><img loading=\"lazy\" decoding=\"async\" class=\"wp-image-281 size-large aligncenter\" src=\"https:\/\/www.grupotiradentes.com\/international\/wp-content\/uploads\/2018\/08\/infografico-atualizado-410x1024.jpg\" alt=\"\" width=\"410\" height=\"1024\" srcset=\"https:\/\/www.grupotiradentes.com\/international\/wp-content\/uploads\/2018\/08\/infografico-atualizado-410x1024.jpg 410w, https:\/\/www.grupotiradentes.com\/international\/wp-content\/uploads\/2018\/08\/infografico-atualizado-120x300.jpg 120w, https:\/\/www.grupotiradentes.com\/international\/wp-content\/uploads\/2018\/08\/infografico-atualizado-768x1920.jpg 768w, https:\/\/www.grupotiradentes.com\/international\/wp-content\/uploads\/2018\/08\/infografico-atualizado-240x600.jpg 240w, https:\/\/www.grupotiradentes.com\/international\/wp-content\/uploads\/2018\/08\/infografico-atualizado-80x200.jpg 80w, https:\/\/www.grupotiradentes.com\/international\/wp-content\/uploads\/2018\/08\/infografico-atualizado-49x123.jpg 49w, https:\/\/www.grupotiradentes.com\/international\/wp-content\/uploads\/2018\/08\/infografico-atualizado-138x344.jpg 138w, https:\/\/www.grupotiradentes.com\/international\/wp-content\/uploads\/2018\/08\/infografico-atualizado.jpg 1200w\" sizes=\"auto, (max-width: 410px) 100vw, 410px\" \/><\/p>\n<p>Ao pleitear \u00e0s vagas dispon\u00edveis, o estudante automaticamente ir\u00e1 concorrer a bolsa de m\u00e9rito acad\u00eamico para o ProMAI, sendo que o limite m\u00e1ximo de bolsas estar\u00e1 dispon\u00edvel no edital, entretanto, nunca exceder\u00e1 a disponibilidade de 8 (oito) bolsas por pa\u00eds. Atendendo aos crit\u00e9rios de candidatura, o aluno est\u00e1 apto a concorrer \u00e0 bolsa acad\u00eamica internacional.<\/p>\n<p>\u00c9 preciso saber que a sele\u00e7\u00e3o realizada na Institui\u00e7\u00e3o de Ensino Superior (IES) do Grupo Tiradentes n\u00e3o garante o aceite na IES estrangeira, a qual tamb\u00e9m avaliar\u00e1 o candidato, conforme as pr\u00f3prias condi\u00e7\u00f5es especificas. Assim, o estudante se consolidar\u00e1 sua mobilidade acad\u00eamica internacional, com ou sem bolsa, somente quando da aceita\u00e7\u00e3o efetuada pela unidade de ensino de destino.<\/p>\n<p>Quanto \u00e0s despesas financeiras referente ao passaporte, visto consular, pol\u00edcias de fronteiras, passagens a\u00e9reas, seguros, hospedagem, alimenta\u00e7\u00e3o, transporte e outras decorrentes s\u00e3o de responsabilidade \u00fanica e exclusiva dos estudantes classificados, n\u00e3o cabendo a IES de Origem ser responsabiliza por tal. Portanto, o ideal \u00e9 que o candidato pesquise um pouco o pa\u00eds destino e realize um planejamento para melhor aproveitamento na experi\u00eancia incr\u00edvel de adquirir conhecimento no exterior.<\/p>\n<p>Ap\u00f3s o per\u00edodo de estudos na IES estrangeira, estudante bolsista dever\u00e1, ao retornar, comprovar \u00e0 IES de origem a aprova\u00e7\u00e3o em pelo menos 2\/3 das disciplinas cursadas. O mesmo acontece para os interessados em efetuar a renova\u00e7\u00e3o da bolsa dar continuidade \u00e0 mobilidade acad\u00eamica internacional. Neste caso, ainda que o estudante alcance a aprova\u00e7\u00e3o indicada, a renova\u00e7\u00e3o da bolsa n\u00e3o est\u00e1 garantida automaticamente, devendo o interessado se candidatar novamente \u00e0s vagas espec\u00edficas em edital.<\/p>\n<p>Assim, comprometimento e melhor explora\u00e7\u00e3o de todo o conhecimento ofertado no exterior s\u00e3o as melhores formas de tornar a vida acad\u00eamica ainda mais proveitosa. No caso de reprova\u00e7\u00e3o maior que 2\/3 das disciplinas cursadas, o estudante dever\u00e1 ressarcir o valor da bolsa de maneira integral \u00e0 institui\u00e7\u00e3o de origem e perder\u00e1 o direito a participar da sele\u00e7\u00e3o de renova\u00e7\u00e3o da vaga e da bolsa.<\/p>\n<p>Ficou interessado em se tornar um estudante em mobilidade acad\u00eamica internacional e quer saber mais sobre se tornar um candidato forte \u00e0s vagas dispon\u00edveis? Ent\u00e3o, consulte o Regulamento Geral de Mobilidade Acad\u00eamica Internacional Discente dos Cursos de Gradua\u00e7\u00e3o e tamb\u00e9m o Regulamento de Bolsa de M\u00e9rito Acad\u00eamico para Mobilidade Acad\u00eamica Internacional Discente dos Cursos de Gradua\u00e7\u00e3o, os quais est\u00e3o dispon\u00edveis na p\u00e1gina <a href=\"https:\/\/www.grupotiradentes.com\/international\/documentos\/\">Documentos<\/a>, confira e aproveite a oportunidade de saber mais, compartilhar conhecimento, ampliar habilidades e se tornar um profissional ainda mais capacitado.<\/p>\n<h2>Outros programas internacionais<\/h2>\n<p>Ampliando a possibilidade de internacionalidade do ensino das mais variadas formas, o Grupo Tiradentes tem parceria firmada com o Santander Universidades &#8211; Divis\u00e3o Global do Grupo Santander -, que tem como principal linha de atua\u00e7\u00e3o apoiar iniciativas voltadas \u00e0 educa\u00e7\u00e3o superior, com foco no estabelecimento de parcerias e no relacionamento com as universidades, para viabilizar maiores oportunidades no exterior.<\/p>\n<p>\u00c9 atrav\u00e9s dessa uni\u00e3o que s\u00e3o ofertados tr\u00eas programas: Top Espa\u00f1a, o Programa de Bolsas Ibero-Americanas e o Programa de Bolsas Santander Mundi. Cada um apresenta condi\u00e7\u00f5es espec\u00edficas de participa\u00e7\u00e3o, dura\u00e7\u00e3o e incentivo econ\u00f4mico aos participantes. Avalie o perfil de cada programa e se inscreva, garantindo assim uma experi\u00eancia internacional \u00fanica de conhecimento.<\/p>\n<h2>Top Espanha<\/h2>\n<p>Direcionado a alunos de Gradua\u00e7\u00e3o e professores das Institui\u00e7\u00f5es de Ensino Superior (IES) do Grupo Tiradentes, o programa incentiva os bolsistas a aprimorar conhecimento no idioma e cultura espanhola, por meio de um curso de tr\u00eas semanas, com as despesas de passagens a\u00e9reas, hospedagem, traslados e alimenta\u00e7\u00e3o totalmente pagas pelo Santander, em uma das institui\u00e7\u00f5es mais tradicionais da Europa, a Universidad de Salamanca.<\/p>\n<p>Situada na cidade de Salamanca, na Espanha, a universidade \u00e9 mais antiga da pa\u00eds e a quarta fundada na Europa, posterior somente \u00e0s universidades de Bolonha, Oxford e Paris. Por ela, j\u00e1 passaram algumas das personalidades dominantes da intelectualidade espanhola, seja como aluno ou professor, a exemplo do escritor e poeta Calder\u00f3n de la Barca; e a educadora Beatriz Galindo, &#8220;La Latina&#8221;, provavelmente a primeira mulher professora universit\u00e1ria.<\/p>\n<p>Realizado anualmente, todo o processo de sele\u00e7\u00e3o e aprova\u00e7\u00e3o \u00e9 realizado pelo Grupo Tiradentes, por meio da Coordena\u00e7\u00e3o de Rela\u00e7\u00f5es Internacionais. Portanto, se est\u00e1 interessado em aproveitar essa oportunidade de viv\u00eancia internacional, fique atento ao lan\u00e7amento do edital que, geralmente, acontece entre os meses de mar\u00e7o e abril.<\/p>\n<h2>Bolsas Ibero-Americanas<\/h2>\n<p>Quer estudar em pa\u00edses ou territ\u00f3rios onde o portugu\u00eas ou espanhol s\u00e3o as l\u00ednguas predominantes? O Programa Ibero-Americanas contempla universit\u00e1rios com uma bolsa-aux\u00edlio no valor equivalente a 3.000 \u20ac (tr\u00eas mil euros) para a cobertura de despesas com transporte, hospedagem e alimenta\u00e7\u00e3o, j\u00e1 que os custos com mensalidade n\u00e3o s\u00e3o cobrados, tendo em vista o acordo estabelecido entre a universidade de origem e a de destino.<\/p>\n<p>Direcionado a estudantes de Gradua\u00e7\u00e3o entre universidades de pa\u00edses da regi\u00e3o da Ibero-Am\u00e9rica, quais sejam, Argentina, Col\u00f4mbia, Espanha, Peru, Portugal e M\u00e9xico o programa visa promover a mobilidade acad\u00eamica internacional com dura\u00e7\u00e3o at\u00e9 um semestre.<\/p>\n<p>Todo o processo de sele\u00e7\u00e3o e aprova\u00e7\u00e3o \u00e9 realizado pelo Grupo Tiradentes, por meio da Coordena\u00e7\u00e3o de Rela\u00e7\u00f5es Internacionais, existindo sempre um edital anual, geralmente lan\u00e7ado entre os meses de abril a maio. Vai mesmo perder a oportunidade de aprofundar o conhecimento nos pa\u00edses ibero-americanos?<\/p>\n<h2>Bolsas Santander Mundi<\/h2>\n<p>O Programa Bolsas Santander Mundi contempla estudantes de Gradua\u00e7\u00e3o e P\u00f3s-Gradua\u00e7\u00e3o com uma bolsa-aux\u00edlio no valor equivalente a 4.000 \u20ac (quatro mil euros), para a realiza\u00e7\u00e3o da mobilidade acad\u00eamica internacional, por at\u00e9 um semestre letivo, em uma universidade parceira do Grupo Santander.<\/p>\n<p>O valor das bolsas \u00e9 destinado ao custeio de hospedagem, transporte e alimenta\u00e7\u00e3o, sendo as mensalidades do curso pagas pelas universidades, tanto a de origem como a de destino.<\/p>\n<p>Com periodicidade anual de publica\u00e7\u00e3o de edital, geralmente entre os meses de julho e julho, todo o processo de sele\u00e7\u00e3o e aprova\u00e7\u00e3o \u00e9 realizado pelo Grupo Tiradentes, por meio da Coordena\u00e7\u00e3o de Rela\u00e7\u00f5es Internacionais. Ficou interessado? Ent\u00e3o, fique atento ao per\u00edodo de inscri\u00e7\u00f5es e condi\u00e7\u00f5es de participa\u00e7\u00e3o no programa.<\/p>\n","protected":false},"excerpt":{"rendered":"<p>Por que ter uma viv\u00eancia internacional? Ampliar as habilidades profissionais, conhecer novas realidades e adquirir conhecimento cient\u00edfico e cultural s\u00e3o os fatores que fazem da experi\u00eancia de estudar fora do pa\u00eds uma viv\u00eancia \u00fanica que ultrapassa os ensinamentos acad\u00eamicos para o alcance da inser\u00e7\u00e3o no mercado de trabalho. Isso porque o respeito a outras manifesta\u00e7\u00f5es [&hellip;]<\/p>\n","protected":false},"author":1,"featured_media":0,"parent":0,"menu_order":1,"comment_status":"closed","ping_status":"closed","template":"","meta":{"footnotes":""},"class_list":["post-51","page","type-page","status-publish","hentry"],"_links":{"self":[{"href":"https:\/\/www.grupotiradentes.com\/international\/wp-json\/wp\/v2\/pages\/51","targetHints":{"allow":["GET"]}}],"collection":[{"href":"https:\/\/www.grupotiradentes.com\/international\/wp-json\/wp\/v2\/pages"}],"about":[{"href":"https:\/\/www.grupotiradentes.com\/international\/wp-json\/wp\/v2\/types\/page"}],"author":[{"embeddable":true,"href":"https:\/\/www.grupotiradentes.com\/international\/wp-json\/wp\/v2\/users\/1"}],"replies":[{"embeddable":true,"href":"https:\/\/www.grupotiradentes.com\/international\/wp-json\/wp\/v2\/comments?post=51"}],"version-history":[{"count":13,"href":"https:\/\/www.grupotiradentes.com\/international\/wp-json\/wp\/v2\/pages\/51\/revisions"}],"predecessor-version":[{"id":298,"href":"https:\/\/www.grupotiradentes.com\/international\/wp-json\/wp\/v2\/pages\/51\/revisions\/298"}],"wp:attachment":[{"href":"https:\/\/www.grupotiradentes.com\/international\/wp-json\/wp\/v2\/media?parent=51"}],"curies":[{"name":"wp","href":"https:\/\/api.w.org\/{rel}","templated":true}]}}