{"id":3748,"date":"2016-06-09T10:51:23","date_gmt":"2016-06-09T13:51:23","guid":{"rendered":"http:\/\/www.grupotiradentes.com\/intercambio\/?page_id=3748"},"modified":"2016-06-09T10:51:23","modified_gmt":"2016-06-09T13:51:23","slug":"programa-de-buddy","status":"publish","type":"page","link":"https:\/\/www.grupotiradentes.com\/intercambio\/incoming\/programa-de-buddy\/","title":{"rendered":"Programa de Buddy"},"content":{"rendered":"<h3>O que \u00e9?<\/h3>\n<p>O Programa de Buddy \u00e9 um programa em que estudantes da Universidade Tiradentes se voluntariam para auxiliar os alunos estrangeiros que ir\u00e3o estudar na institui\u00e7\u00e3o.<br \/>\nO buddy participar\u00e1 das atividades sociais e de orienta\u00e7\u00e3o acad\u00eamica, que ocorrem durante todo o ano, especialmente pensados para integrar os estudantes estrangeiros.<\/p>\n<h3>Como o estudante pode se tornar Buddy?<\/h3>\n<p>\u00c9 necess\u00e1rio preencher uma ficha de inscri\u00e7\u00e3o, participar de uma entrevista presencial sendo que esta ser\u00e1 realizada em espanhol ou ingl\u00eas e participar do treinamento a ser realizado com os selecionados. O estudante que se ausentar nas etapas presenciais ser\u00e1 eliminado automaticamente do processo de sele\u00e7\u00e3o.<\/p>\n<h3>Posso escolher o intercambista estrangeiro?<\/h3>\n<p>N\u00e3o, pois o escrit\u00f3rio de Rela\u00e7\u00f5es Internacionais analisar\u00e1 o perfil de cada candidato e comparar\u00e1 ao perfil dos alunos estrangeiros enviado pelo International Office das Institui\u00e7\u00f5es Estrangeiras, al\u00e9m do idioma informado na inscri\u00e7\u00e3o. Dessa forma, o candidato receber\u00e1 o intercambistas que tiver mais semelhan\u00e7as com o seu perfil. <\/p>\n<h3>Processo Seletivo<\/h3>\n<p>O processo seletivo \u00e9 composto por 3 (tr\u00eas) etapas eliminat\u00f3rias:<br \/>\n[list style=&#8221;file&#8221;]<br \/>\n\t[li]Preenchimento do formul\u00e1rio de inscri\u00e7\u00e3o online;[\/li]<br \/>\n\t[li]Entrevista Presencial no idioma estrangeiro;[\/li]<br \/>\n\t[li]Treinamento.[\/li]<br \/>\n[\/list]<\/p>\n<p>Para maiores informa\u00e7\u00f5es sobre o processo de sele\u00e7\u00e3o, <a href=\"http:\/\/www.grupotiradentes.com\/intercambio\/wp-content\/uploads\/sites\/5\/2016\/04\/Processo-Seletivo-\u2013-Buddy-Program.pdf\" target=\"_blank\">clique aqui<\/a>.<\/p>\n<div>[button link=&#8221;https:\/\/podio.com\/webforms\/15654002\/1049650&#8243;]Ficha de Inscri\u00e7\u00e3o[\/button]<\/div>\n","protected":false},"excerpt":{"rendered":"<p>O que \u00e9? O Programa de Buddy \u00e9 um programa em que estudantes da Universidade Tiradentes se voluntariam para auxiliar os alunos estrangeiros que ir\u00e3o estudar na institui\u00e7\u00e3o. O buddy participar\u00e1 das atividades sociais e de orienta\u00e7\u00e3o acad\u00eamica, que ocorrem durante todo o ano, especialmente pensados para integrar os estudantes estrangeiros. Como o estudante pode<\/p>\n","protected":false},"author":5,"featured_media":0,"parent":2206,"menu_order":0,"comment_status":"closed","ping_status":"closed","template":"","meta":{"footnotes":""},"class_list":["post-3748","page","type-page","status-publish"],"_links":{"self":[{"href":"https:\/\/www.grupotiradentes.com\/intercambio\/wp-json\/wp\/v2\/pages\/3748","targetHints":{"allow":["GET"]}}],"collection":[{"href":"https:\/\/www.grupotiradentes.com\/intercambio\/wp-json\/wp\/v2\/pages"}],"about":[{"href":"https:\/\/www.grupotiradentes.com\/intercambio\/wp-json\/wp\/v2\/types\/page"}],"author":[{"embeddable":true,"href":"https:\/\/www.grupotiradentes.com\/intercambio\/wp-json\/wp\/v2\/users\/5"}],"replies":[{"embeddable":true,"href":"https:\/\/www.grupotiradentes.com\/intercambio\/wp-json\/wp\/v2\/comments?post=3748"}],"version-history":[{"count":3,"href":"https:\/\/www.grupotiradentes.com\/intercambio\/wp-json\/wp\/v2\/pages\/3748\/revisions"}],"predecessor-version":[{"id":3754,"href":"https:\/\/www.grupotiradentes.com\/intercambio\/wp-json\/wp\/v2\/pages\/3748\/revisions\/3754"}],"up":[{"embeddable":true,"href":"https:\/\/www.grupotiradentes.com\/intercambio\/wp-json\/wp\/v2\/pages\/2206"}],"wp:attachment":[{"href":"https:\/\/www.grupotiradentes.com\/intercambio\/wp-json\/wp\/v2\/media?parent=3748"}],"curies":[{"name":"wp","href":"https:\/\/api.w.org\/{rel}","templated":true}]}}