{"id":2969,"date":"2015-04-17T09:03:13","date_gmt":"2015-04-17T12:03:13","guid":{"rendered":"http:\/\/www.grupotiradentes.com\/intercambio\/?page_id=2969"},"modified":"2015-04-17T09:03:13","modified_gmt":"2015-04-17T12:03:13","slug":"santander-universidades","status":"publish","type":"page","link":"https:\/\/www.grupotiradentes.com\/intercambio\/programas\/santander-universidades\/","title":{"rendered":"Santander Universidades"},"content":{"rendered":"<p>O Santander Universidades \u00e9 uma Divis\u00e3o Global do Grupo Santander, que tem como principal linha de atua\u00e7\u00e3o apoiar iniciativas voltadas \u00e0 educa\u00e7\u00e3o superior, com foco no estabelecimento de parcerias e no relacionamento com as universidades. No Brasil, atua em um modelo \u00fanico no mercado, que re\u00fane equipes especializadas e dedicadas para atender \u00e0 cadeia de valor formada pelas Institui\u00e7\u00f5es de Ensino Superior, alunos, jovens profissionais, professores e funcion\u00e1rios administrativos. <\/p>\n<p>O Santander Universidade proporciona anualmente aos estudantes do Grupo Tiradentes a chance de ganhar uma bolsa pelo <b>Programa de Bolsas Ibero-Americanas<\/b>, que \u00e9 uma iniciativa com 5 anos de dura\u00e7\u00e3o \u2013 2011 \u00e0 2015 \u2013 que incentiva e promove a mobilidade de estudantes de gradua\u00e7\u00e3o entre universidade ibero-americanas. <\/p>\n<p>Al\u00e9m disso, o Santander Universidade promove anualmente aos estudantes do Grupo Tiradentes o <b>Top Espanha<\/b>, que s\u00e3o bolsas para um interc\u00e2mbio cultural com o objetivo de incentivar que alunos de gradua\u00e7\u00e3o e professores aprimorem seus conhecimentos no idioma espanhol e na cultura espanhola, por meio de um curso de 3 (tr\u00eas) semanas em uma das institui\u00e7\u00f5es mais tradicionais da Europa &#8211; a Universidad de Salamanca.<br \/>\nPara mais informa\u00e7\u00f5es sobre o Programa de Bolsas Ibero-Americanas e o Top Espanha <a href=\"http:\/\/www.santanderuniversidades.com.br\/bolsas\/Paginas\/default.aspx\">clique aqui<\/a>.<\/p>\n","protected":false},"excerpt":{"rendered":"<p>O Santander Universidades \u00e9 uma Divis\u00e3o Global do Grupo Santander, que tem como principal linha de atua\u00e7\u00e3o apoiar iniciativas voltadas \u00e0 educa\u00e7\u00e3o superior, com foco no estabelecimento de parcerias e no relacionamento com as universidades. No Brasil, atua em um modelo \u00fanico no mercado, que re\u00fane equipes especializadas e dedicadas para atender \u00e0 cadeia de<\/p>\n","protected":false},"author":5,"featured_media":0,"parent":2219,"menu_order":0,"comment_status":"open","ping_status":"open","template":"","meta":{"footnotes":""},"class_list":["post-2969","page","type-page","status-publish"],"_links":{"self":[{"href":"https:\/\/www.grupotiradentes.com\/intercambio\/wp-json\/wp\/v2\/pages\/2969","targetHints":{"allow":["GET"]}}],"collection":[{"href":"https:\/\/www.grupotiradentes.com\/intercambio\/wp-json\/wp\/v2\/pages"}],"about":[{"href":"https:\/\/www.grupotiradentes.com\/intercambio\/wp-json\/wp\/v2\/types\/page"}],"author":[{"embeddable":true,"href":"https:\/\/www.grupotiradentes.com\/intercambio\/wp-json\/wp\/v2\/users\/5"}],"replies":[{"embeddable":true,"href":"https:\/\/www.grupotiradentes.com\/intercambio\/wp-json\/wp\/v2\/comments?post=2969"}],"version-history":[{"count":1,"href":"https:\/\/www.grupotiradentes.com\/intercambio\/wp-json\/wp\/v2\/pages\/2969\/revisions"}],"predecessor-version":[{"id":2970,"href":"https:\/\/www.grupotiradentes.com\/intercambio\/wp-json\/wp\/v2\/pages\/2969\/revisions\/2970"}],"up":[{"embeddable":true,"href":"https:\/\/www.grupotiradentes.com\/intercambio\/wp-json\/wp\/v2\/pages\/2219"}],"wp:attachment":[{"href":"https:\/\/www.grupotiradentes.com\/intercambio\/wp-json\/wp\/v2\/media?parent=2969"}],"curies":[{"name":"wp","href":"https:\/\/api.w.org\/{rel}","templated":true}]}}