{"id":2219,"date":"2014-05-09T15:45:44","date_gmt":"2014-05-09T18:45:44","guid":{"rendered":"http:\/\/www.grupotiradentes.com\/intercambio\/?page_id=2219"},"modified":"2015-02-03T08:49:21","modified_gmt":"2015-02-03T11:49:21","slug":"programas","status":"publish","type":"page","link":"https:\/\/www.grupotiradentes.com\/intercambio\/programas\/","title":{"rendered":"Programas"},"content":{"rendered":"<p>[accordions]<\/p>\n<p>[accordion title=Coopera\u00e7\u00e3o]<\/p>\n<p>Desde o ano de 2008, o Grupo Tiradentes mant\u00e9m acordos bilaterais com diversas institui\u00e7\u00f5es de prest\u00edgio internacional. Esses acordos permitem a mobilidade acad\u00eamica de estudantes e docentes a cada semestre, proporcionando uma experi\u00eancia acad\u00eamica \u00fanica e enriquecedora. As sele\u00e7\u00f5es s\u00e3o realizadas mediante a edital. Para mais informa\u00e7\u00f5es sobre as universidades parceiras, <a href=\"http:\/\/www.grupotiradentes.com\/intercambio\/convenios\/instituicoes-conveniadas\/\">clique aqui<\/a>.<\/p>\n<p>[\/accordion]<\/p>\n<p>[accordion title=&#8221;Ci\u00eancia sem Fronteiras&#8221;]<\/p>\n<p>Programa desenvolvido pelo Governo Federal que busca promover a internacionaliza\u00e7\u00e3o e a competitividade brasileira por meio do intercambio e da mobilidade internacional. At\u00e9 o ano de 2014, ser\u00e3o distribu\u00eddas 101.000 bolsas sandu\u00edche para estudantes brasileiros da IES credenciadas a participar do programa. Objetivos: <\/p>\n<p>[list style=&#8221;arrow-right&#8221;]<br \/>\n[li]Investir na forma\u00e7\u00e3o de pessoal altamente qualificado nas compet\u00eancias e habilidades necess\u00e1rias para o avan\u00e7o da sociedade do conhecimento;[\/li]<br \/>\n[li]Aumentar a presen\u00e7a de pesquisadores e estudantes de v\u00e1rios n\u00edveis em institui\u00e7\u00f5es de excel\u00eancia no exterior;\u00a0[\/li]<br \/>\n[li]Promover a inser\u00e7\u00e3o internacional das institui\u00e7\u00f5es brasileiras pela abertura de oportunidades semelhantes para cientistas e estudantes estrangeiros;[\/li]<br \/>\n[li]Ampliar o conhecimento inovador de pessoal das ind\u00fastrias tecnol\u00f3gicas; [\/li]<br \/>\n[li]Atrair jovens talentos cient\u00edficos e investigadores altamente qualificados para trabalhar no Brasil.[\/li]<br \/>\n[li]No Programa Ci\u00eancia sem Fronteiras, as \u00e1reas contempladas s\u00e3o:[\/li]<br \/>\n[li]Engenharias e demais \u00e1reas tecnol\u00f3gicas;[\/li]<br \/>\n[li]Ci\u00eancias Exatas e da Terra;[\/li]<br \/>\n  [li]Biologia, Ci\u00eancias Biom\u00e9dicas e da Sa\u00fade;[\/li]<br \/>\n  [li]Computa\u00e7\u00e3o e Tecnologias da Informa\u00e7\u00e3o;[\/li]<br \/>\n  [li]Tecnologia Aeroespacial;[\/li]<br \/>\n  [li]F\u00e1rmacos;[\/li]<br \/>\n  [li]Produ\u00e7\u00e3o Agr\u00edcola Sustent\u00e1vel;[\/li]<br \/>\n  [li]Petr\u00f3leo, G\u00e1s e Carv\u00e3o Mineral;[\/li]<br \/>\n  [li]Energias Renov\u00e1veis;[\/li]<br \/>\n  [li]Tecnologia Mineral;[\/li]<br \/>\n  [li]Biotecnologia;[\/li]<br \/>\n  [li]Nanotecnologia e Novos Materiais;[\/li]<br \/>\n  [li]Tecnologias de Preven\u00e7\u00e3o e Mitiga\u00e7\u00e3o de Desastres Naturais;[\/li]<br \/>\n  [li]Biodiversidade e Bioprospec\u00e7\u00e3o;[\/li]<br \/>\n  [li]Ci\u00eancias do Mar;[\/li]<br \/>\n  [li]Ind\u00fastria Criativa (voltada a produtos e processos para desenvolvimento tecnol\u00f3gico e inova\u00e7\u00e3o);[\/li]<br \/>\n  [li]Novas Tecnologias de Engenharia Construtiva;[\/li]<br \/>\n  [li]Forma\u00e7\u00e3o de Tecn\u00f3logos.[\/li]<br \/>\n[\/list]<br \/>\nPara maiores informa\u00e7\u00f5es sobre Ci\u00eancias sem Fronteiras, <a href=\"http:\/\/www.cienciasemfronteiras.gov.br\/web\/csf\">Clique aqui<\/a>.<\/p>\n<p>[\/accordion]<\/p>\n<p>[accordion title= Santander Universidades]<\/p>\n<p>O Santander Universidades \u00e9 uma Divis\u00e3o Global do Grupo Santander, que tem como principal linha de atua\u00e7\u00e3o apoiar iniciativas voltadas \u00e0 educa\u00e7\u00e3o superior, com foco no estabelecimento de parcerias e no relacionamento com as universidades. No Brasil, atua em um modelo \u00fanico no mercado, que re\u00fane equipes especializadas e dedicadas para atender \u00e0 cadeia de valor formada pelas Institui\u00e7\u00f5es de Ensino Superior, alunos, jovens profissionais, professores e funcion\u00e1rios administrativos. <\/p>\n<p>O Santander Universidade proporciona anualmente aos estudantes do Grupo Tiradentes a chance de ganhar uma bolsa pelo <b>Programa de Bolsas Ibero-Americanas<\/b>, que \u00e9 uma iniciativa com 5 anos de dura\u00e7\u00e3o \u2013 2011 \u00e0 2015 \u2013 que incentiva e promove a mobilidade de estudantes de gradua\u00e7\u00e3o entre universidade ibero-americanas. <\/p>\n<p>Al\u00e9m disso, o Santander Universidade promove anualmente aos estudantes do Grupo Tiradentes o <b>Top Espanha<\/b>, que s\u00e3o bolsas para um interc\u00e2mbio cultural com o objetivo de incentivar que alunos de gradua\u00e7\u00e3o e professores aprimorem seus conhecimentos no idioma espanhol e na cultura espanhola, por meio de um curso de 3 (tr\u00eas) semanas em uma das institui\u00e7\u00f5es mais tradicionais da Europa &#8211; a Universidad de Salamanca.<br \/>\nPara mais informa\u00e7\u00f5es sobre o Programa de Bolsas Ibero-Americanas e o Top Espanha <a href=\"http:\/\/www.santanderuniversidades.com.br\/bolsas\/Paginas\/default.aspx\">clique aqui<\/a>.<\/p>\n<p>[\/accordion]<\/p>\n<p>[accordion title= Erasmus-Mundus]<\/p>\n<p>O Grupo Tiradentes, atrav\u00e9s da Universidade Tiradentes participou de um cons\u00f3rcio liderado pela Universidade Nova de Lisboa que tem por objetivo estreitar a coopera\u00e7\u00e3o entre a Uni\u00e3o Europeia e institui\u00e7\u00f5es de ensino superior da Am\u00e9rica Latina. O projeto ter\u00e1 dura\u00e7\u00e3o de 48 meses e distribuir\u00e1 bolsas de gradua\u00e7\u00e3o, mestrado, doutorado e p\u00f3s-doutorado entre as institui\u00e7\u00f5es parceiras. O projeto\u00a0<b>FELLOW-MUNDUS<\/b>\u00a0\u00e9 uma parceria no \u00e2mbito do\u00a0<a href=\"http:\/\/eacea.ec.europa.eu\/erasmus_mundus\/programme\/action2_en.php\" target=\"_blank\">Erasmus Mundus A\u00e7\u00e3o 2<\/a>, que visa contribuir, atrav\u00e9s da mobilidade de estudantes e de pessoal docente e n\u00e3o docente, para o refor\u00e7o dos la\u00e7os sustent\u00e1veis nas \u00e1reas da educa\u00e7\u00e3o, cultura, economia, ci\u00eancia e tecnologia, entre a Uni\u00e3o Europeia e os pa\u00edses Latino-Americanos. O projeto visa refor\u00e7ar a coopera\u00e7\u00e3o entre as Institui\u00e7\u00f5es de Ensino Superior da Uni\u00e3o Europeia e as Universidades latino-americanas, possibilitando a mobilidade de estudantes, investigadores e pessoal acad\u00eamico e administrativo atrav\u00e9s de um esquema de atribui\u00e7\u00e3o de bolsas, desenvolvendo o curriculum individual, refor\u00e7ando a transfer\u00eancia do conhecimento e a partilha de experi\u00eancias e de boas pr\u00e1ticas. Permitir\u00e1 \u00e0s Institui\u00e7\u00f5es de Ensino Superior da Am\u00e9rica Latina criarem um sistema de mobilidade universit\u00e1ria, desenhado de acordo com a\u00a0<a href=\"http:\/\/ec.europa.eu\/education\/higher-education\/bologna_en.htm\" target=\"_blank\">Declara\u00e7\u00e3o de Bolonha\u00a0<\/a>e as diretrizes do\u00a0<a href=\"http:\/\/eacea.ec.europa.eu\/llp\/erasmus\/erasmus_en.php\" target=\"_blank\">Programa Erasmus<\/a>.<br \/>\nPara maiores informa\u00e7\u00f5es sobre Fellow Mundus, clique<a href=\"http:\/\/fellow.unl.pt\/index.php\/pt\"> aqui<\/a>.<\/p>\n<p>O projeto <b>Euro-Brazilian Windows +<\/b> (com o apoio financeiro atribu\u00eddo pela Comiss\u00e3o Europeia atrav\u00e9s do Programa Erasmus Mundus) oferece bolsas a estudantes, pesquisadores e pessoal acad\u00eamico e administrativo do Brasil que desejem realizar um per\u00edodo de mobilidade, ou forma\u00e7\u00e3o integral, em algumas das melhores universidades da Europa. As bolsas estavam dispon\u00edveis para estudantes de gradua\u00e7\u00e3o e doutorado, pesquisadores em p\u00f3s-doutorado e pessoal acad\u00eamico e administrativo e incluem um pagamento mensal, viagem de ida e volta, seguro e taxas de matr\u00edcula.<br \/>\nPara maiores informa\u00e7\u00f5es sobre o EBW+, clique<a href=\"http:\/\/ebwplus.up.pt\/\"> aqui<\/a>.<\/p>\n<p>[\/accordion]<\/p>\n<p>[\/accordions]<\/p>\n","protected":false},"excerpt":{"rendered":"<p>[accordions] [accordion title=Coopera\u00e7\u00e3o] Desde o ano de 2008, o Grupo Tiradentes mant\u00e9m acordos bilaterais com diversas institui\u00e7\u00f5es de prest\u00edgio internacional. Esses acordos permitem a mobilidade acad\u00eamica de estudantes e docentes a cada semestre, proporcionando uma experi\u00eancia acad\u00eamica \u00fanica e enriquecedora. As sele\u00e7\u00f5es s\u00e3o realizadas mediante a edital. Para mais informa\u00e7\u00f5es sobre as universidades parceiras, clique<\/p>\n","protected":false},"author":1,"featured_media":0,"parent":0,"menu_order":0,"comment_status":"open","ping_status":"open","template":"","meta":{"footnotes":""},"class_list":["post-2219","page","type-page","status-publish"],"_links":{"self":[{"href":"https:\/\/www.grupotiradentes.com\/intercambio\/wp-json\/wp\/v2\/pages\/2219","targetHints":{"allow":["GET"]}}],"collection":[{"href":"https:\/\/www.grupotiradentes.com\/intercambio\/wp-json\/wp\/v2\/pages"}],"about":[{"href":"https:\/\/www.grupotiradentes.com\/intercambio\/wp-json\/wp\/v2\/types\/page"}],"author":[{"embeddable":true,"href":"https:\/\/www.grupotiradentes.com\/intercambio\/wp-json\/wp\/v2\/users\/1"}],"replies":[{"embeddable":true,"href":"https:\/\/www.grupotiradentes.com\/intercambio\/wp-json\/wp\/v2\/comments?post=2219"}],"version-history":[{"count":26,"href":"https:\/\/www.grupotiradentes.com\/intercambio\/wp-json\/wp\/v2\/pages\/2219\/revisions"}],"predecessor-version":[{"id":2845,"href":"https:\/\/www.grupotiradentes.com\/intercambio\/wp-json\/wp\/v2\/pages\/2219\/revisions\/2845"}],"wp:attachment":[{"href":"https:\/\/www.grupotiradentes.com\/intercambio\/wp-json\/wp\/v2\/media?parent=2219"}],"curies":[{"name":"wp","href":"https:\/\/api.w.org\/{rel}","templated":true}]}}