{"id":2212,"date":"2014-05-09T15:16:39","date_gmt":"2014-05-09T18:16:39","guid":{"rendered":"http:\/\/www.grupotiradentes.com\/intercambio\/?page_id=2212"},"modified":"2016-07-27T15:16:48","modified_gmt":"2016-07-27T18:16:48","slug":"moradiainfo-housing","status":"publish","type":"page","link":"https:\/\/www.grupotiradentes.com\/intercambio\/incoming\/moradiainfo-housing\/","title":{"rendered":"Moradia\/Info Housing"},"content":{"rendered":"<p>O Grupo Tiradentes n\u00e3o disp\u00f5e de alojamentos para estudantes estrangeiros.<\/p>\n<p>As Rela\u00e7\u00f5es Internacionais do Grupo Tiradentes auxiliam os estudantes internacionais a encontrarem alojamentos em casa de fam\u00edlia ou em casa com outros estudantes brasileiros e\/ou internacionais. <\/p>\n<p>As d\u00favidas sobre mobilidade de estudantes de gradua\u00e7\u00e3o de institui\u00e7\u00f5es estrangeiras dever\u00e3o ser encaminhadas para intercambio@unit.br<\/p>\n","protected":false},"excerpt":{"rendered":"<p>O Grupo Tiradentes n\u00e3o disp\u00f5e de alojamentos para estudantes estrangeiros. As Rela\u00e7\u00f5es Internacionais do Grupo Tiradentes auxiliam os estudantes internacionais a encontrarem alojamentos em casa de fam\u00edlia ou em casa com outros estudantes brasileiros e\/ou internacionais. As d\u00favidas sobre mobilidade de estudantes de gradua\u00e7\u00e3o de institui\u00e7\u00f5es estrangeiras dever\u00e3o ser encaminhadas para intercambio@unit.br<\/p>\n","protected":false},"author":1,"featured_media":0,"parent":2206,"menu_order":0,"comment_status":"open","ping_status":"open","template":"","meta":{"footnotes":""},"class_list":["post-2212","page","type-page","status-publish"],"_links":{"self":[{"href":"https:\/\/www.grupotiradentes.com\/intercambio\/wp-json\/wp\/v2\/pages\/2212","targetHints":{"allow":["GET"]}}],"collection":[{"href":"https:\/\/www.grupotiradentes.com\/intercambio\/wp-json\/wp\/v2\/pages"}],"about":[{"href":"https:\/\/www.grupotiradentes.com\/intercambio\/wp-json\/wp\/v2\/types\/page"}],"author":[{"embeddable":true,"href":"https:\/\/www.grupotiradentes.com\/intercambio\/wp-json\/wp\/v2\/users\/1"}],"replies":[{"embeddable":true,"href":"https:\/\/www.grupotiradentes.com\/intercambio\/wp-json\/wp\/v2\/comments?post=2212"}],"version-history":[{"count":13,"href":"https:\/\/www.grupotiradentes.com\/intercambio\/wp-json\/wp\/v2\/pages\/2212\/revisions"}],"predecessor-version":[{"id":3778,"href":"https:\/\/www.grupotiradentes.com\/intercambio\/wp-json\/wp\/v2\/pages\/2212\/revisions\/3778"}],"up":[{"embeddable":true,"href":"https:\/\/www.grupotiradentes.com\/intercambio\/wp-json\/wp\/v2\/pages\/2206"}],"wp:attachment":[{"href":"https:\/\/www.grupotiradentes.com\/intercambio\/wp-json\/wp\/v2\/media?parent=2212"}],"curies":[{"name":"wp","href":"https:\/\/api.w.org\/{rel}","templated":true}]}}