{"id":2208,"date":"2014-05-09T15:16:00","date_gmt":"2014-05-09T18:16:00","guid":{"rendered":"http:\/\/www.grupotiradentes.com\/intercambio\/?page_id=2208"},"modified":"2016-01-19T16:53:13","modified_gmt":"2016-01-19T19:53:13","slug":"graduacao","status":"publish","type":"page","link":"https:\/\/www.grupotiradentes.com\/intercambio\/incoming\/graduacao\/","title":{"rendered":"Gradua\u00e7\u00e3o"},"content":{"rendered":"<p>Os estudantes de gradua\u00e7\u00e3o matriculados em institui\u00e7\u00f5es estrangeiras podem cursar disciplinas no Grupo Tiradentes na condi\u00e7\u00e3o de aluno de interc\u00e2mbio, obtendo cr\u00e9ditos ou realizando pesquisas v\u00e1lidas para o curr\u00edculo de sua universidade de origem.<\/p>\n<h3>Candidatura<\/h3>\n<p>Ap\u00f3s a sele\u00e7\u00e3o da universidade de origem parceira e a indica\u00e7\u00e3o dos alunos pela mesma, cujos prazos encontram-se abaixo, as Rela\u00e7\u00f5es Internacionais do Grupo Tiradentes ir\u00e1 entrar em contato com cada um dos alunos selecionados informando quais os documentos precisam ser preenchidos e solicitando a fotoc\u00f3pia do passaporte do aluno estrangeiro e o seu hist\u00f3rico.<\/p>\n<p>Prazo para a indica\u00e7\u00e3o pela institui\u00e7\u00e3o de origem:<br \/>\n[list style=&#8221;edit&#8221;]<br \/>\n[li]<b>Interc\u00e2mbio no 1\u00ba semestre:<\/b> Inscri\u00e7\u00e3o at\u00e9 <b>30 de novembro<\/b>.[\/li]<br \/>\n[li]<b>Interc\u00e2mbio no 2\u00ba semestre:<\/b> Indica\u00e7\u00e3o at\u00e9 <b>30 de maio<\/b>.[\/li]<br \/>\n[\/list]<\/p>\n<p>Em posse do passaporte do aluno estrangeiro e dos formul\u00e1rios devidamente preenchidos, assinados e analisados pelas Rela\u00e7\u00f5es Internacionais, ser\u00e1 providenciada a Carta de Aceite seguindo o que foi pactuado em cada acordo de coopera\u00e7\u00e3o e a mesma ser\u00e1 enviada para o aluno.<\/p>\n<p>Com isso, o aluno estrangeiro poder\u00e1 solicitar o visto no Consulado ou Embaixada Brasileira no seu pa\u00eds e enviar por e-mail o restante da documenta\u00e7\u00e3o:<br \/>\n[list style=&#8221;file&#8221;]<br \/>\n[li]C\u00f3pia do Seguro Sa\u00fade Particular[\/li]<br \/>\n[li]C\u00f3pia da Passagem A\u00e9rea (ida e volta)[\/li]<br \/>\n[li]C\u00f3pia do Visto de Entrada no Brasil[\/li]<br \/>\n[li]Carta de Recomenda\u00e7\u00e3o do orientador da Universidade de Origem[\/li]<br \/>\n[\/list]<\/p>\n<h3>Cursos oferecidos<\/h3>\n<p>Confira os cursos oferecidos pela <b>Universidade Tiradentes<\/b> e suas respectivas grades curriculares: <a href=\"http:\/\/www.unit.br\/\">clique aqui<\/a>.<\/p>\n<h3>Obten\u00e7\u00e3o do Visto de Estudante<\/h3>\n<p>[list style=&#8221;file&#8221;]<br \/>\n[li]Para efetivar sua matr\u00edcula, o estudante dever\u00e1 obrigatoriamente apresentar o Visto de Estudante (Tempor\u00e1rio IV) e uma c\u00f3pia do Seguro de Sa\u00fade\/Seguro de Vida Internacional.[\/li]<br \/>\n[li]O aluno n\u00e3o poder\u00e1 ser matriculado com visto de turista![\/li]<br \/>\n[li]Para mais informa\u00e7\u00f5es acesse: <a href=\"http:\/\/www.itamaraty.gov.br\/o-ministerio\/o-brasil-no-exterior\">Representa\u00e7\u00e3o Diplom\u00e1tica Brasileira <\/a>[\/li]<br \/>\n[\/list]<\/p>\n<h3>Informa\u00e7\u00f5es Importantes<\/h3>\n<p>[list style=&#8221;file&#8221;]<br \/>\n[li]As disciplinas s\u00e3o ministradas em Portugu\u00eas.[\/li]<br \/>\n[li]N\u00e3o existe um n\u00famero m\u00e1ximo de disciplinas em que cada estudante pode se candidatar, podendo escolher mat\u00e9rias de diferentes cursos da Universidade Tiradentes.[\/li]<br \/>\n[li]Muitas disciplinas oferecidas nos cursos exigem pr\u00e9-requisitos, portanto, as solicita\u00e7\u00f5es ser\u00e3o analisadas mediante o Learning Agreement dos alunos.[\/li]<br \/>\n[\/list]<\/p>\n<p>As d\u00favidas sobre mobilidade de estudantes de gradua\u00e7\u00e3o de institui\u00e7\u00f5es estrangeiras dever\u00e3o ser encaminhadas para intercambio@unit.br<\/p>\n<div>[button link=&#8221;http:\/\/www.unit.br\/relacoesinternacionais\/&#8221;]Clique aqui para acessar ao nosso booklet[\/button]<\/div>\n","protected":false},"excerpt":{"rendered":"<p>Os estudantes de gradua\u00e7\u00e3o matriculados em institui\u00e7\u00f5es estrangeiras podem cursar disciplinas no Grupo Tiradentes na condi\u00e7\u00e3o de aluno de interc\u00e2mbio, obtendo cr\u00e9ditos ou realizando pesquisas v\u00e1lidas para o curr\u00edculo de sua universidade de origem. Candidatura Ap\u00f3s a sele\u00e7\u00e3o da universidade de origem parceira e a indica\u00e7\u00e3o dos alunos pela mesma, cujos prazos encontram-se abaixo, as<\/p>\n","protected":false},"author":1,"featured_media":0,"parent":2206,"menu_order":0,"comment_status":"open","ping_status":"open","template":"","meta":{"footnotes":""},"class_list":["post-2208","page","type-page","status-publish"],"_links":{"self":[{"href":"https:\/\/www.grupotiradentes.com\/intercambio\/wp-json\/wp\/v2\/pages\/2208","targetHints":{"allow":["GET"]}}],"collection":[{"href":"https:\/\/www.grupotiradentes.com\/intercambio\/wp-json\/wp\/v2\/pages"}],"about":[{"href":"https:\/\/www.grupotiradentes.com\/intercambio\/wp-json\/wp\/v2\/types\/page"}],"author":[{"embeddable":true,"href":"https:\/\/www.grupotiradentes.com\/intercambio\/wp-json\/wp\/v2\/users\/1"}],"replies":[{"embeddable":true,"href":"https:\/\/www.grupotiradentes.com\/intercambio\/wp-json\/wp\/v2\/comments?post=2208"}],"version-history":[{"count":14,"href":"https:\/\/www.grupotiradentes.com\/intercambio\/wp-json\/wp\/v2\/pages\/2208\/revisions"}],"predecessor-version":[{"id":3434,"href":"https:\/\/www.grupotiradentes.com\/intercambio\/wp-json\/wp\/v2\/pages\/2208\/revisions\/3434"}],"up":[{"embeddable":true,"href":"https:\/\/www.grupotiradentes.com\/intercambio\/wp-json\/wp\/v2\/pages\/2206"}],"wp:attachment":[{"href":"https:\/\/www.grupotiradentes.com\/intercambio\/wp-json\/wp\/v2\/media?parent=2208"}],"curies":[{"name":"wp","href":"https:\/\/api.w.org\/{rel}","templated":true}]}}