{"id":2195,"date":"2014-05-09T15:11:24","date_gmt":"2014-05-09T18:11:24","guid":{"rendered":"http:\/\/www.grupotiradentes.com\/intercambio\/?page_id=2195"},"modified":"2015-11-23T23:10:41","modified_gmt":"2015-11-24T02:10:41","slug":"videos","status":"publish","type":"page","link":"https:\/\/www.grupotiradentes.com\/intercambio\/videos\/","title":{"rendered":"V\u00eddeos"},"content":{"rendered":"<h3> Suelen Maiara<\/h3>\n<h3>Mind Without Borders &#8211; Cinema cut &#8211; Por Daniel Caldas <\/h3>\n<p><\/p>\n<h3>Participa\u00e7\u00e3o do Estudante Wesleyan Araujo Araujo no programa Graduados da TV Cultura <\/h3>\n<p><\/p>\n<h3>Um pouco sobre o Ci\u00eancia sem Fronteiras por Raphaella Ingrid <\/h3>\n","protected":false},"excerpt":{"rendered":"<p>Suelen Maiara Mind Without Borders &#8211; Cinema cut &#8211; Por Daniel Caldas Participa\u00e7\u00e3o do Estudante Wesleyan Araujo Araujo no programa Graduados da TV Cultura Um pouco sobre o Ci\u00eancia sem Fronteiras por Raphaella Ingrid<\/p>\n","protected":false},"author":5,"featured_media":0,"parent":0,"menu_order":0,"comment_status":"open","ping_status":"open","template":"","meta":{"footnotes":""},"class_list":["post-2195","page","type-page","status-publish"],"_links":{"self":[{"href":"https:\/\/www.grupotiradentes.com\/intercambio\/wp-json\/wp\/v2\/pages\/2195","targetHints":{"allow":["GET"]}}],"collection":[{"href":"https:\/\/www.grupotiradentes.com\/intercambio\/wp-json\/wp\/v2\/pages"}],"about":[{"href":"https:\/\/www.grupotiradentes.com\/intercambio\/wp-json\/wp\/v2\/types\/page"}],"author":[{"embeddable":true,"href":"https:\/\/www.grupotiradentes.com\/intercambio\/wp-json\/wp\/v2\/users\/5"}],"replies":[{"embeddable":true,"href":"https:\/\/www.grupotiradentes.com\/intercambio\/wp-json\/wp\/v2\/comments?post=2195"}],"version-history":[{"count":19,"href":"https:\/\/www.grupotiradentes.com\/intercambio\/wp-json\/wp\/v2\/pages\/2195\/revisions"}],"predecessor-version":[{"id":3270,"href":"https:\/\/www.grupotiradentes.com\/intercambio\/wp-json\/wp\/v2\/pages\/2195\/revisions\/3270"}],"wp:attachment":[{"href":"https:\/\/www.grupotiradentes.com\/intercambio\/wp-json\/wp\/v2\/media?parent=2195"}],"curies":[{"name":"wp","href":"https:\/\/api.w.org\/{rel}","templated":true}]}}