{"id":2169,"date":"2014-05-09T14:58:26","date_gmt":"2014-05-09T17:58:26","guid":{"rendered":"http:\/\/www.grupotiradentes.com\/intercambio\/?page_id=2169"},"modified":"2015-05-25T10:05:39","modified_gmt":"2015-05-25T13:05:39","slug":"editais-e-resultados","status":"publish","type":"page","link":"https:\/\/www.grupotiradentes.com\/intercambio\/mobilidade-unit\/editais-e-resultados\/","title":{"rendered":"Editais e Resultados"},"content":{"rendered":"<h3>Resultados<\/h3>\n<p>[list style=&#8221;file&#8221;]<br \/>\n[li]<a href=\"http:\/\/www.grupotiradentes.com\/intercambio\/wp-content\/uploads\/sites\/5\/2015\/05\/Resultado-Ibero-americano-2015.pdf\">Resultado Ibero-americanas 2015<\/a>[\/li]<br \/>\n[li]<a href=\"http:\/\/www.grupotiradentes.com\/intercambio\/wp-content\/uploads\/sites\/5\/2015\/04\/Resultado-Edital-001-2015-Interc\u00e2mbio.pdf\">Resultado Interc\u00e2mbio Acad\u00eamico 2015.1<\/a>[\/li]<br \/>\n[li]<a href=\"http:\/\/www.grupotiradentes.com\/intercambio\/wp-content\/uploads\/sites\/5\/2015\/04\/Resultado-Top-Espanha-2015.pdf\">Resultado Top Espanha 2015<\/a>[\/li]<br \/>\n[li]<a href=\"http:\/\/www.grupotiradentes.com\/intercambio\/resultado-ebw\/\">Resultado EBW+<\/a>[\/li]<br \/>\n[li]<a href=\"http:\/\/www.grupotiradentes.com\/intercambio\/resultado-homologacoes-ciencias-sem-fronteiras-csf\/\">Resultado Homologa\u00e7\u00f5es Ci\u00eancias sem Fronteiras (CsF) 2014.2<\/a>[\/li]<br \/>\n[li]<a href=\"http:\/\/www.grupotiradentes.com\/intercambio\/wp-content\/uploads\/sites\/5\/2014\/10\/Resultado-Edital-003-2014-Interc\u00e2mbio.pdf\">Resultado do programa Interc\u00e2mbio Acad\u00eamico 2014.2<\/a>[\/li]<br \/>\n[li]<a href=\"http:\/\/www.grupotiradentes.com\/intercambio\/wp-content\/uploads\/sites\/5\/2014\/06\/Resultado-Top-Espanha-2014.1..pdf\">Resultado do programa Top Espa\u00f1a 2014<\/a>[\/li]<br \/>\n[li]<a href=\"http:\/\/www.grupotiradentes.com\/intercambio\/wp-content\/uploads\/sites\/5\/2014\/05\/Resultado-Ibero-americano-2014.1.pdf\">Resultado do programa Ibero-Americano 2014<\/a>[\/li]<br \/>\n[li]<a href=\"http:\/\/www.grupotiradentes.com\/intercambio\/resultado-do-programa-fellow-mundus\/\">Resultado do programa Fellow Mundus<\/a>[\/li]<br \/>\n[li]<a href=\"http:\/\/www.grupotiradentes.com\/intercambio\/resultado-programa-intercambio-academico\/\">Resultado do programa Interc\u00e2mbio Acad\u00eamico 2014.1<\/a>[\/li]<br \/>\n[\/list]<\/p>\n<h3>Editais<\/h3>\n<p>[list style=&#8221;edit&#8221;]<br \/>\n[li]<a href=\"http:\/\/www.grupotiradentes.com\/intercambio\/wp-content\/uploads\/sites\/5\/2015\/03\/Edital-Ibero-2015.pdf\">Bolsa Ibero Americanas 2015<\/a>[\/li]<br \/>\n[li]<a href=\"http:\/\/www.grupotiradentes.com\/intercambio\/wp-content\/uploads\/sites\/5\/2015\/03\/Edital-Acad\u00eamico-2.pdf\">Interc\u00e2mbio Acad\u00eamico 2015.1<\/a>[\/li]<br \/>\n[li]<a href=\"http:\/\/www.grupotiradentes.com\/intercambio\/wp-content\/uploads\/sites\/5\/2015\/03\/Edital-Salamanca-2015.1.pdf\">Interc\u00e2mbio Acad\u00eamico 2015.1 &#8211;  Universidad de Salamanca<\/a>[\/li]<br \/>\n[li]<a href=\"http:\/\/www.grupotiradentes.com\/intercambio\/wp-content\/uploads\/sites\/5\/2015\/03\/Edital-Top-Espanha-2015.pdf\">Top Espanha 2015<\/a>[\/li]<br \/>\n[li]<a href=\"http:\/\/www.grupotiradentes.com\/intercambio\/wp-content\/uploads\/sites\/5\/2015\/01\/Edital-Fellow-Mundus-Segunda-Chamada.pdf\">Fellow-Mundus &#8211; 2\u00aa chamada<\/a>[\/li]<br \/>\n[li]<a href=\"http:\/\/www.grupotiradentes.com\/intercambio\/wp-content\/uploads\/sites\/5\/2014\/09\/EDITAL-EBW+-atualizado2.pdf\">EBW+<\/a>[\/li]<br \/>\n[li]<a href=\"http:\/\/www.grupotiradentes.com\/intercambio\/wp-content\/uploads\/sites\/5\/2014\/09\/Edital-Interc\u00e2mbio-2014.2.pdf\">Interc\u00e2mbio Acad\u00eamico 2014.2<\/a>[\/li]<br \/>\n[li]<a href=\"http:\/\/www.grupotiradentes.com\/intercambio\/wp-content\/uploads\/sites\/5\/2014\/05\/Editais-CSF-2014-2.pdf\">Ci\u00eancias Sem Fronteiras 2014.2<\/a>[\/li]<br \/>\n[li]<a href=\"http:\/\/www.grupotiradentes.com\/intercambio\/programa-de-bolsas-ibero-americanas\/\">Bolsa Ibero Americanas 2014<\/a>[\/li]<br \/>\n[li]<a href=\"http:\/\/www.grupotiradentes.com\/intercambio\/edital-top-espanha-2014\/\">Top Espanha 2014<\/a>[\/li]<br \/>\n[\/list]<\/p>\n","protected":false},"excerpt":{"rendered":"<p>Resultados [list style=&#8221;file&#8221;] [li]Resultado Ibero-americanas 2015[\/li] [li]Resultado Interc\u00e2mbio Acad\u00eamico 2015.1[\/li] [li]Resultado Top Espanha 2015[\/li] [li]Resultado EBW+[\/li] [li]Resultado Homologa\u00e7\u00f5es Ci\u00eancias sem Fronteiras (CsF) 2014.2[\/li] [li]Resultado do programa Interc\u00e2mbio Acad\u00eamico 2014.2[\/li] [li]Resultado do programa Top Espa\u00f1a 2014[\/li] [li]Resultado do programa Ibero-Americano 2014[\/li] [li]Resultado do programa Fellow Mundus[\/li] [li]Resultado do programa Interc\u00e2mbio Acad\u00eamico 2014.1[\/li] [\/list] Editais [list style=&#8221;edit&#8221;]<\/p>\n","protected":false},"author":1,"featured_media":0,"parent":2161,"menu_order":0,"comment_status":"open","ping_status":"open","template":"","meta":{"footnotes":""},"class_list":["post-2169","page","type-page","status-publish"],"_links":{"self":[{"href":"https:\/\/www.grupotiradentes.com\/intercambio\/wp-json\/wp\/v2\/pages\/2169","targetHints":{"allow":["GET"]}}],"collection":[{"href":"https:\/\/www.grupotiradentes.com\/intercambio\/wp-json\/wp\/v2\/pages"}],"about":[{"href":"https:\/\/www.grupotiradentes.com\/intercambio\/wp-json\/wp\/v2\/types\/page"}],"author":[{"embeddable":true,"href":"https:\/\/www.grupotiradentes.com\/intercambio\/wp-json\/wp\/v2\/users\/1"}],"replies":[{"embeddable":true,"href":"https:\/\/www.grupotiradentes.com\/intercambio\/wp-json\/wp\/v2\/comments?post=2169"}],"version-history":[{"count":18,"href":"https:\/\/www.grupotiradentes.com\/intercambio\/wp-json\/wp\/v2\/pages\/2169\/revisions"}],"predecessor-version":[{"id":3027,"href":"https:\/\/www.grupotiradentes.com\/intercambio\/wp-json\/wp\/v2\/pages\/2169\/revisions\/3027"}],"up":[{"embeddable":true,"href":"https:\/\/www.grupotiradentes.com\/intercambio\/wp-json\/wp\/v2\/pages\/2161"}],"wp:attachment":[{"href":"https:\/\/www.grupotiradentes.com\/intercambio\/wp-json\/wp\/v2\/media?parent=2169"}],"curies":[{"name":"wp","href":"https:\/\/api.w.org\/{rel}","templated":true}]}}