{"id":2153,"date":"2014-05-09T14:54:52","date_gmt":"2014-05-09T17:54:52","guid":{"rendered":"http:\/\/www.grupotiradentes.com\/intercambio\/?page_id=2153"},"modified":"2017-10-19T13:15:39","modified_gmt":"2017-10-19T16:15:39","slug":"contato","status":"publish","type":"page","link":"https:\/\/www.grupotiradentes.com\/intercambio\/institucional\/contato\/","title":{"rendered":"Contato"},"content":{"rendered":"<p>As Rela\u00e7\u00f5es Internacionais est\u00e1 localizada na sala 05 no t\u00e9rreo do Bloco F, do Campus Farol\u00e2ndia, na Universidade Tiradentes.<br \/>\nAvenida Murilo Dantas, 300. Bairro Farol\u00e2ndia<br \/>\nCEP: 49032-490<br \/>\nAracaju\/Sergipe \u2013 Brasil<\/p>\n<p>Dias de funcionamento: segunda a sexta<br \/>\nHor\u00e1rio de funcionamento: 08:00 \u00e0s 12:00 e 14:00 \u00e0s 18:00<\/p>\n<p>Fone: +55 (79) 3218-2284<br \/>\nEmail: intercambio@unit.br \/ relacoes_internacionais@unit.br<\/p>\n","protected":false},"excerpt":{"rendered":"<p>As Rela\u00e7\u00f5es Internacionais est\u00e1 localizada na sala 05 no t\u00e9rreo do Bloco F, do Campus Farol\u00e2ndia, na Universidade Tiradentes. Avenida Murilo Dantas, 300. Bairro Farol\u00e2ndia CEP: 49032-490 Aracaju\/Sergipe \u2013 Brasil Dias de funcionamento: segunda a sexta Hor\u00e1rio de funcionamento: 08:00 \u00e0s 12:00 e 14:00 \u00e0s 18:00 Fone: +55 (79) 3218-2284 Email: intercambio@unit.br \/ relacoes_internacionais@unit.br<\/p>\n","protected":false},"author":1,"featured_media":0,"parent":2114,"menu_order":0,"comment_status":"open","ping_status":"open","template":"page-blocks.php","meta":{"footnotes":""},"class_list":["post-2153","page","type-page","status-publish"],"_links":{"self":[{"href":"https:\/\/www.grupotiradentes.com\/intercambio\/wp-json\/wp\/v2\/pages\/2153","targetHints":{"allow":["GET"]}}],"collection":[{"href":"https:\/\/www.grupotiradentes.com\/intercambio\/wp-json\/wp\/v2\/pages"}],"about":[{"href":"https:\/\/www.grupotiradentes.com\/intercambio\/wp-json\/wp\/v2\/types\/page"}],"author":[{"embeddable":true,"href":"https:\/\/www.grupotiradentes.com\/intercambio\/wp-json\/wp\/v2\/users\/1"}],"replies":[{"embeddable":true,"href":"https:\/\/www.grupotiradentes.com\/intercambio\/wp-json\/wp\/v2\/comments?post=2153"}],"version-history":[{"count":22,"href":"https:\/\/www.grupotiradentes.com\/intercambio\/wp-json\/wp\/v2\/pages\/2153\/revisions"}],"predecessor-version":[{"id":3996,"href":"https:\/\/www.grupotiradentes.com\/intercambio\/wp-json\/wp\/v2\/pages\/2153\/revisions\/3996"}],"up":[{"embeddable":true,"href":"https:\/\/www.grupotiradentes.com\/intercambio\/wp-json\/wp\/v2\/pages\/2114"}],"wp:attachment":[{"href":"https:\/\/www.grupotiradentes.com\/intercambio\/wp-json\/wp\/v2\/media?parent=2153"}],"curies":[{"name":"wp","href":"https:\/\/api.w.org\/{rel}","templated":true}]}}