{"id":2147,"date":"2014-05-09T14:53:43","date_gmt":"2014-05-09T17:53:43","guid":{"rendered":"http:\/\/www.grupotiradentes.com\/intercambio\/?page_id=2147"},"modified":"2017-10-19T13:15:01","modified_gmt":"2017-10-19T16:15:01","slug":"equipe-tecnica","status":"publish","type":"page","link":"https:\/\/www.grupotiradentes.com\/intercambio\/institucional\/equipe-tecnica\/","title":{"rendered":"Equipe T\u00e9cnica"},"content":{"rendered":"<p><strong>Prof. Prof. Otavio Correia de Melo Neto<\/strong><br \/>\nDean International Affairs<\/p>\n<p><strong>J\u00e9ssica L. Amaral da Silva Oliveira<\/strong><br \/>\nCoordenadora Programas de Interc\u00e2mbio<\/p>\n<p><strong>M\u00f4nica Duarte de Oliveira<\/strong><br \/>\nAssessora Administrativa &#8211; UNIT\/AL<\/p>\n<p><strong>Leonardo Siqueira<\/strong><br \/>\nEstagi\u00e1rio<\/p>\n<p><strong>Lais Ramos<\/strong><br \/>\nEstagi\u00e1ria<\/p>\n<p><strong>Prof. Dr. Pedro P. Proc\u00f3pio<\/strong><br \/>\nCoordenador de Pesquisa e Extens\u00e3o &#8211; FACIPE<br \/>\nApoio local na FACIPE<\/p>\n","protected":false},"excerpt":{"rendered":"<p>Prof. Prof. Otavio Correia de Melo Neto Dean International Affairs J\u00e9ssica L. Amaral da Silva Oliveira Coordenadora Programas de Interc\u00e2mbio M\u00f4nica Duarte de Oliveira Assessora Administrativa &#8211; UNIT\/AL Leonardo Siqueira Estagi\u00e1rio Lais Ramos Estagi\u00e1ria Prof. Dr. Pedro P. Proc\u00f3pio Coordenador de Pesquisa e Extens\u00e3o &#8211; FACIPE Apoio local na FACIPE<\/p>\n","protected":false},"author":1,"featured_media":0,"parent":2114,"menu_order":0,"comment_status":"open","ping_status":"open","template":"","meta":{"footnotes":""},"class_list":["post-2147","page","type-page","status-publish"],"_links":{"self":[{"href":"https:\/\/www.grupotiradentes.com\/intercambio\/wp-json\/wp\/v2\/pages\/2147","targetHints":{"allow":["GET"]}}],"collection":[{"href":"https:\/\/www.grupotiradentes.com\/intercambio\/wp-json\/wp\/v2\/pages"}],"about":[{"href":"https:\/\/www.grupotiradentes.com\/intercambio\/wp-json\/wp\/v2\/types\/page"}],"author":[{"embeddable":true,"href":"https:\/\/www.grupotiradentes.com\/intercambio\/wp-json\/wp\/v2\/users\/1"}],"replies":[{"embeddable":true,"href":"https:\/\/www.grupotiradentes.com\/intercambio\/wp-json\/wp\/v2\/comments?post=2147"}],"version-history":[{"count":38,"href":"https:\/\/www.grupotiradentes.com\/intercambio\/wp-json\/wp\/v2\/pages\/2147\/revisions"}],"predecessor-version":[{"id":3995,"href":"https:\/\/www.grupotiradentes.com\/intercambio\/wp-json\/wp\/v2\/pages\/2147\/revisions\/3995"}],"up":[{"embeddable":true,"href":"https:\/\/www.grupotiradentes.com\/intercambio\/wp-json\/wp\/v2\/pages\/2114"}],"wp:attachment":[{"href":"https:\/\/www.grupotiradentes.com\/intercambio\/wp-json\/wp\/v2\/media?parent=2147"}],"curies":[{"name":"wp","href":"https:\/\/api.w.org\/{rel}","templated":true}]}}